{"id":78,"date":"2020-06-07T16:01:49","date_gmt":"2020-06-07T16:01:49","guid":{"rendered":"https:\/\/ausdersofaritze-podcast.ch\/?page_id=78"},"modified":"2021-01-04T14:51:07","modified_gmt":"2021-01-04T14:51:07","slug":"ueber-uns","status":"publish","type":"page","link":"https:\/\/ausdersofaritze-podcast.ch\/?page_id=78","title":{"rendered":"\u00dcber Uns"},"content":{"rendered":"\n<p class=\"has-medium-font-size\">Habt ihr auch schon mal verzweifelt nach eurer Fernbedienung gesucht und aus purer Frustration in die Sofaritze gegriffen, nur um da etwas total anderes zu finden? Dann seid ihr bei unserem Film &amp; Fernseh Podcast <em>\u201cAus der Sofaritze\u201d<\/em> genau richtig! Von hoher Filmkunst, bis in die Tiefen des Trashes haben Nicolai und Konstantin sich durch ihre ganz privaten Sofaritzen gew\u00fchlt und alles gefunden ausser ihrer Fernbedienung.<\/p>\n\n\n\n<hr class=\"wp-block-separator\"\/>\n\n\n\n<p>Mit &#8222;<em>Aus der Sofaritze<\/em>&#8220; erf\u00fcllen wir uns einen kleinen Traum. Einen Podcast \u00fcber unser allerliebstes Hobby. Wir sind Konstantin und Nicolai und besch\u00e4ftigen uns mit Film und TV seit wir kleine Hosenscheisser waren. Kaum eine Woche ohne Filme mit anschliessender Recherche und tiefgehende Gespr\u00e4che dar\u00fcber! <\/p>\n\n\n\n<p>&#8222;<em>Aus der Sofaritze&#8220; <\/em>soll euch neu Einblicke und zus\u00e4tzliches Wissen \u00fcber eure und unsere Lieblings- und Hassfilme geben. Ihr sollt neue Perlen entdecken und zum Nachdenken angeregt werden. Und ihr sollt von Zeit zu Zeit die K\u00f6pfe sch\u00fctteln, \u00fcber den ein oder anderen Schwachsinn welchen wir zwei so von uns geben.<\/p>\n\n\n\n<p>Hauptsache ihr habt auch so viel Spass wie wir dabei! Also: Folge ab!<\/p>\n\n\n\n<hr class=\"wp-block-separator is-style-wide\"\/>\n\n\n\n<p>Letterboxd Accounts:<\/p>\n\n\n\n<p>Konstantin: ShakesB33r  <a href=\"https:\/\/letterboxd.com\/shakesb33r\/\"><img loading=\"lazy\" decoding=\"async\" width=\"50\" height=\"50\" class=\"wp-image-114\" style=\"width: 50px;\" src=\"https:\/\/ausdersofaritze-podcast.ch\/wp-content\/uploads\/2020\/06\/letterboxd-decal-dots-neg-rgb-500px.png\" alt=\"\" srcset=\"https:\/\/ausdersofaritze-podcast.ch\/wp-content\/uploads\/2020\/06\/letterboxd-decal-dots-neg-rgb-500px.png 500w, https:\/\/ausdersofaritze-podcast.ch\/wp-content\/uploads\/2020\/06\/letterboxd-decal-dots-neg-rgb-500px-300x300.png 300w, https:\/\/ausdersofaritze-podcast.ch\/wp-content\/uploads\/2020\/06\/letterboxd-decal-dots-neg-rgb-500px-150x150.png 150w\" sizes=\"auto, (max-width: 50px) 100vw, 50px\" \/><\/a><\/p>\n\n\n\n<p>Nicolai: gigampfe <a href=\"https:\/\/letterboxd.com\/gigampfe\/\"><img loading=\"lazy\" decoding=\"async\" width=\"50\" height=\"50\" class=\"wp-image-114\" style=\"width: 50px;\" src=\"https:\/\/ausdersofaritze-podcast.ch\/wp-content\/uploads\/2020\/06\/letterboxd-decal-dots-neg-rgb-500px.png\" alt=\"\" srcset=\"https:\/\/ausdersofaritze-podcast.ch\/wp-content\/uploads\/2020\/06\/letterboxd-decal-dots-neg-rgb-500px.png 500w, https:\/\/ausdersofaritze-podcast.ch\/wp-content\/uploads\/2020\/06\/letterboxd-decal-dots-neg-rgb-500px-300x300.png 300w, https:\/\/ausdersofaritze-podcast.ch\/wp-content\/uploads\/2020\/06\/letterboxd-decal-dots-neg-rgb-500px-150x150.png 150w\" sizes=\"auto, (max-width: 50px) 100vw, 50px\" \/><\/a><\/p>\n\n\n\n<p><\/p>\n","protected":false},"excerpt":{"rendered":"<p>Habt ihr auch schon mal verzweifelt nach eurer Fernbedienung gesucht und aus purer Frustration in die Sofaritze gegriffen, nur um da etwas total anderes zu finden? Dann seid ihr bei unserem Film &amp; Fernseh Podcast \u201cAus der Sofaritze\u201d genau richtig! Von hoher Filmkunst, bis in die Tiefen des Trashes haben Nicolai und Konstantin sich durch [&hellip;]<\/p>\n","protected":false},"author":1,"featured_media":0,"parent":0,"menu_order":0,"comment_status":"closed","ping_status":"closed","template":"","meta":{"footnotes":""},"class_list":["post-78","page","type-page","status-publish","hentry","entry"],"_links":{"self":[{"href":"https:\/\/ausdersofaritze-podcast.ch\/index.php?rest_route=\/wp\/v2\/pages\/78","targetHints":{"allow":["GET"]}}],"collection":[{"href":"https:\/\/ausdersofaritze-podcast.ch\/index.php?rest_route=\/wp\/v2\/pages"}],"about":[{"href":"https:\/\/ausdersofaritze-podcast.ch\/index.php?rest_route=\/wp\/v2\/types\/page"}],"author":[{"embeddable":true,"href":"https:\/\/ausdersofaritze-podcast.ch\/index.php?rest_route=\/wp\/v2\/users\/1"}],"replies":[{"embeddable":true,"href":"https:\/\/ausdersofaritze-podcast.ch\/index.php?rest_route=%2Fwp%2Fv2%2Fcomments&post=78"}],"version-history":[{"count":8,"href":"https:\/\/ausdersofaritze-podcast.ch\/index.php?rest_route=\/wp\/v2\/pages\/78\/revisions"}],"predecessor-version":[{"id":128,"href":"https:\/\/ausdersofaritze-podcast.ch\/index.php?rest_route=\/wp\/v2\/pages\/78\/revisions\/128"}],"wp:attachment":[{"href":"https:\/\/ausdersofaritze-podcast.ch\/index.php?rest_route=%2Fwp%2Fv2%2Fmedia&parent=78"}],"curies":[{"name":"wp","href":"https:\/\/api.w.org\/{rel}","templated":true}]}}